14 divide 43574413?
False
Is 175964749 a multiple of 2579?
False
Does 182 divide 2436070?
True
Does 1409 divide 781277637?
False
Does 7838 divide 658321458?
True
Does 12 divide 69092467?
False
Is 128670900 a multiple of 1366?
False
Does 8 divide 47353445?
False
Is 30964254 a multiple of 2039?
True
Is 6774539 a multiple of 6?
False
Is 50851392 a multiple of 177?
True
Is 104 a factor of 1604429736?
True
Is 12879 a factor of 530473131?
True
Does 7 divide 208472425?
True
Is 158 a factor of 429202892?
True
Is 19 a factor of 2478335911?
False
Is 27 a factor of 3641327730?
True
Is 1074097668 a multiple of 2674?
True
Is 3748758094 a multiple of 3577?
False
Is 1367 a factor of 153929668?
True
Does 63 divide 42887880?
True
Is 86739894 a multiple of 2309?
True
Is 802 a factor of 236548712?
False
Does 4721 divide 66669962?
True
Does 2973 divide 460299526?
False
Does 17 divide 107026917?
True
Is 78253475 a multiple of 73?
False
Does 53 divide 167596944?
False
Is 206232255 a multiple of 205?
True
Is 493 a factor of 2511737792?
False
Is 215 a factor of 7904871202?
False
Does 104 divide 112260512?
True
Does 2 divide 926020?
True
Is 14 a factor of 42735504?
True
Is 3709457 a multiple of 17?
False
Is 68783721 a multiple of 20?
False
Does 720 divide 71118000?
True
Is 323 a factor of 15135457?
True
Is 35 a factor of 12318600?
True
Is 67431744 a multiple of 9?
True
Is 1472084424 a multiple of 3704?
True
Does 34 divide 56864004?
False
Is 3103647562 a multiple of 10102?
True
Does 45 divide 80154765?
True
Is 44 a factor of 4845984?
True
Does 3 divide 284917926?
True
Is 882 a factor of 223366855?
False
Does 24 divide 70300392?
True
Is 130727317 a multiple of 988?
False
Is 30 a factor of 2319695786?
False
Is 98 a factor of 18719100?
False
Does 18 divide 16072318?
False
Is 6280 a factor of 1224515780?
False
Is 1231927500 a multiple of 869?
False
Is 310327951 a multiple of 876?
False
Is 4868 a factor of 469297150?
False
Is 21175121 a multiple of 121?
True
Is 1667 a factor of 132208103?
True
Is 14 a factor of 943474?
True
Does 7 divide 407817827?
False
Does 351 divide 1280490120?
True
Does 2 divide 8155073?
False
Is 13691884 a multiple of 48?
False
Is 210 a factor of 88937319?
False
Is 17 a factor of 1572187703?
False
Is 64161539 a multiple of 85?
False
Is 748825 a multiple of 5?
True
Does 66 divide 24920145?
False
Is 5170636 a multiple of 4?
True
Does 17 divide 17172365?
False
Is 100 a factor of 482137166?
False
Does 210 divide 59495730?
True
Does 9 divide 92360223?
True
Does 280 divide 238789040?
True
Is 896 a factor of 785486464?
True
Is 263030396 a multiple of 958?
True
Is 862312740 a multiple of 155?
True
Is 515138400 a multiple of 63?
True
Is 267453222 a multiple of 458?
True
Does 1115 divide 87587967?
False
Is 21 a factor of 305499222?
True
Is 96414752 a multiple of 3832?
False
Does 723 divide 496070947?
False
Does 808 divide 14998904?
True
Does 216 divide 1284093432?
True
Is 30 a factor of 242815478?
False
Is 492 a factor of 1337659932?
True
Is 424 a factor of 20633357?
False
Is 952188 a multiple of 490?
False
Does 34 divide 25403446?
False
Is 151603356 a multiple of 148?
True
Does 16 divide 35790448?
True
Does 97 divide 3361649103?
False
Is 99 a factor of 56620377?
True
Does 4720 divide 168780343?
False
Is 12900944 a multiple of 14?
True
Is 167248192 a multiple of 648?
False
Is 634 a factor of 1590281369?
False
Is 645 a factor of 34036867?
False
Is 104 a factor of 61921600?
True
Is 170108208 a multiple of 1372?
False
Is 32 a factor of 45181835?
False
Is 20 a factor of 1051029660?
True
Does 157 divide 41674708?
True
Does 6216 divide 654366446?
False
Is 3932 a factor of 1980886552?
True
Is 6 a factor of 7416079?
False
Is 26830968 a multiple of 76?
False
Is 44 a factor of 198301620?
True
Does 110 divide 27468320?
True
Is 490 a factor of 25662901?
False
Is 10 a factor of 372692?
False
Is 519486944 a multiple of 975?
False
Is 4068776 a multiple of 2?
True
Does 75 divide 2747330400?
True
Does 2303 divide 725752289?
False
Does 90 divide 326207962?
False
Is 1036113886 a multiple of 623?
False
Is 4 a factor of 225978340?
True
Does 25 divide 515447989?
False
Does 73 divide 34991435?
False
Is 859632222 a multiple of 28?
False
Is 33 a factor of 156113496?
True
Is 2011 a factor of 506381866?
True
Does 2618 divide 8665580?
True
Is 19 a factor of 171959880?
True
Does 539 divide 2412880393?
True
Does 65 divide 2728439?
False
Is 7 a factor of 10169005?
True
Is 498 a factor of 928449570?
False
Is 7 a factor of 211777398?
True
Is 272082717 a multiple of 7136?
False
Does 1208 divide 168979853?
False
Is 118 a factor of 53656960?
True
Is 8 a factor of 11390090?
False
Is 640 a factor of 21331840?
True
Does 28 divide 30414268?
False
Does 186 divide 192488424?
True
Is 83 a factor of 30038032?
True
Does 12 divide 4683588?
True
Is 177 a factor of 240552027?
True
Is 119 a factor of 273801269?
True
Is 111 a factor of 1662976581?
True
Does 24 divide 88565400?
True
Is 772 a factor of 229013393?
False
Is 8716448 a multiple of 92?
True
Is 155 a factor of 41123898?
False
Is 13097933 a multiple of 37?
False
Is 13 a factor of 10038806?
False
Is 6885816 a multiple of 28?
True
Does 6 divide 1966032?
True
Is 656941470 a multiple of 64?
False
Is 2300 a factor of 657816100?
True
Is 71822828 a multiple of 14?
True
Is 445942142 a multiple of 93?
False
Does 8 divide 1109296?
True
Is 317771982 a multiple of 1034?
True
Is 172 a factor of 217337652?
True
Is 12 a factor of 5527124388?
True
Is 1144901822 a multiple of 1142?
True
Is 4310430 a multiple of 99?
False
Is 27941265 a multiple of 705?
True
Does 395 divide 40109370?
False
Is 105090698 a multiple of 609?
False
Is 3533381486 a multiple of 7133?
False
Does 25 divide 3317725425?
True
Does 159 divide 14828022?
True
Is 357 a factor of 8659508?
False
Is 27 a factor of 2427218811?
True
Is 2 a factor of 1724906?
True
Is 499192767 a multiple of 1766?
False
Is 607293 a multiple of 56?
False
Is 15 a factor of 11993614?
False
Is 14 a factor of 117262761?
False
Is 2881360 a multiple of 19?
False
Is 3 a factor of 140419399?
False
Is 6331 a factor of 2626861235?
False
Is 688 a factor of 7867968?
True
Is 856 a factor of 138016044?
False
Does 1514 divide 55449873?
False
Is 1823286 a multiple of 2556?
False
Is 102 a factor of 2793001486?
False
Is 15 a factor of 3921662?
False
Is 1121 a factor of 10870337?
True
Does 31 divide 31721618?
True
Is 1122862455 a multiple of 15?
True
Is 1502043 a multiple of 2409?
False
Is 12 a factor of 85620575?
False
Does 6 divide 16667080?
False
Does 77 divide 32261922?
True
Is 439539084 a multiple of 942?
True
Is 99429403 a multiple of 4603?
True
Is 408956144 a multiple of 16?
True
Is 9888170 a multiple of 1349?
True
Is 238 a factor of 326747582?
True
Does 181 divide 57799273?
True
Does 289 divide 48195663?
True
Is 2111197 even?
False
Is 55113858 a multiple of 54?
True
Is 30256602 a multiple of 146?
True
Is 1524 a factor of 265221954?
False
Is 2323215167 a multiple of 1886?
False
Does 1960 divide 14754880?
True
Is 1145632161 a multiple of 201?
False
Is 166 a factor of 369200324?
False
Is 186156380 a multiple of 5?
True
Is 147142 a multiple of 109?
False
Is 7 a factor of 1705161542?
True
Is 4091560 a multiple of 440?
True
Is 99 a factor of 46889172?
True
Does 3 divide 27612064?
False
Does 261 divide 63518004?
True
Is 885 a factor of 29508096?
False
Is 200 a factor of 7067519?
False
Does 711 divide 199872054?
True
Does 1148 divide 558145309?
False
Is 19548099 a multiple of 111?
True
Is 586070352 a multiple of 1197?
True
Is 966 a factor of 3805743?
False
Does 1194 divide 1365879672?
False
Is 36785467 a multiple of 87?
False
Is 104 a factor of 101597101?
False
Is 152747658 even?
True
Is 659371636 a multiple of 28?
True
Is 24 a factor of 3738288?
True
Is 706295853 a multiple of 30?
False
Does 369 divide 18324171?
True
Is 1053680018 a multiple of 8607?
False
Does 54 divide 1388407?
False
Is 131539231 a multiple of 186?
False
Is 451304922 a multiple of 278?
True
Does 1485 divide 45840465?
True
Is 129 a factor of 201179133?
False
Is 591 a factor of 761715669?
True
Is 186 a factor of 52678548?
True
Does 75 divide 16510575?
True
Does 111 divide 9908993?
False
Is 32 a factor of 318566305?
False
Is 11 a factor of 52575958?
False
Is 93 a factor of 5